30 + b**4/12 + b**3/2 - b**2. Suppose -2*y + 2*k - 6 = 0, 0*k + k - 4 = 0. Let s be y*(-2)/(1/1). Give q(s).
-1
Suppose 16 = k - 3*j, -2*k - 4 = -7*k - 4*j. Let p(o) = o**3 - 5*o**2 + 4*o + 4. Give p(k).
4
Let b(h) = h**3 - 7*h**2 + 2*h - 10. Let v be b(7). Suppose -v*z = -3*z. Let p(f) = f**3 - f**2 + f - 5. Give p(z).
-5
Let k(w) = w + 10. Let l be k(-7). Let h(x) = -3*x - x**l - 7 - 6*x**2 + 8 - 3*x. What is h(-5)?
6
Let b = -25 - -21. Let w(z) = -z - 2. Give w(b).
2
Let t(l) = 7*l - 1. Let x(u) = -u**2 - 8*u - 6. Let h be x(-7). Give t(h).
6
Let c(r) = r**3 + 7*r**2 - r - 7. Let a be c(-7). Let g(u) be the third derivative of -u**4/24 - 5*u**3/6 + u**2. What is g(a)?
-5
Let v(k) be the third derivative of k**4/6 + 7*k**3/6 - 5*k**2. What is v(-5)?
-13
Suppose -2*f = 4*l + 8, 0 = -4*l - 0*l - 4*f - 8. Let x(r) = -2*r - 1. What is x(l)?
3
Let h(q) = q**2 - 8*q + 2. Suppose 60 = -3*n + 2*n. Let r be 2/6 + n/(-9). Give h(r).
-5
Let v(j) be the third derivative of -j**5/60 - 2*j**3/3 - 16*j**2. Suppose -3*i - 9 = -0*i. Give v(i).
-13
Suppose 0 = -3*m + 4*m. Let o(w) = 2*w**2 + 4*w + 2. Let l be o(-2). Let k(t) = t**l + 3 - t - 3 - 3. Give k(m).
-3
Let m(k) = 3*k + 13. Let t(j) = -2*j - 9. Let o(i) = -5*m(i) - 7*t(i). Determine o(-3).
1
Let x(g) = g**2 + 7*g + 9. Let a be x(-7). Suppose -a = -3*q - 0*q. Let f(c) = -c**2 + 3. What is f(q)?
-6
Let b(j) = -6*j - 4. Let d(p) = 6*p + 5. Let h(r) = 3*b(r) + 2*d(r). Let l(k) = -k. Let o(n) = h(n) - 5*l(n). Let i = 9 + -9. Determine o(i).
-2
Let t(h) = -2*h - 6. Suppose -9 = -l - 4. Suppose 3*g - 21 = -l*r - 0*g, -2*g = 4*r - 16. Suppose -i = -r*i - 10. What is t(i)?
4
Let i(w) be the second derivative of 0 + 7/2*w**2 + 1/6*w**3 - 6*w. Suppose 3*x + 15 = -3*l - 0*x, 4*l + 3*x + 19 = 0. What is i(l)?
3
Let y = 6 - 10. Let c be ((-15)/(-6))/(y/(-8)). Let z(v) = v**3 - 6*v**2 + 4*v + 6. What is z(c)?
1
Let n(b) be the third derivative of -b**6/120 + b**3/3 - 7*b**2. What is n(2)?
-6
Let z(y) = -6*y - 100. Let l be z(-17). Let b(p) = -2*p**2 + 3*p - 4*p + 0*p**3 - 2 + 2*p**3. Determine b(l).
4
Suppose 2*h = -2*h - 20. Let w = h + 4. Let v(d) = 3*d**2 - 8*d - 7. Let o(a) = -a - 1. Let s(f) = -6*o(f) + v(f). Determine s(w).
4
Suppose -2*d + p + 7 = -7, -3*p = -12. Suppose -5*o - 2*g - 6 = d, -5*g = 0. Let m(u) = -u**2 + 1. Give m(o).
-8
Suppose 4*p + 5*d + 4 = 16, 3 = p + 2*d. Let f(u) be the first derivative of u**3/3 - 2*u**2 + 2*u + 9. Determine f(p).
-1
Let y be 1 - (-4)/18 - 2/9. Let a(t) = -5*t**2 + 1. Give a(y).
-4
Let x(o) = -2*o**3 + o**2 - o. Let j = 22 + -21. Give x(j).
-2
Suppose -3*q - 12 = d - 5, -5*d - 5*q - 35 = 0. Let g(n) = n**3 + 8*n**2 + 8*n + 6. Let j be g(d). Let s(z) = -z. Calculate s(j).
1
Let q(c) = -4*c - 9. Let w be q(-4). Let j(n) = n**2 - 4*n + 6. Determine j(w).
27
Let y(f) = -f + 0*f**3 + 0*f**3 - 2*f**3. Let j be 1 + -1 + 8/4. Suppose 0 = 2*n, 0 = g + j*n - 1 + 2. Give y(g).
3
Let h(t) be the third derivative of -t**6/120 - t**5/15 + t**4/8 - 5*t**3/6 + 2*t**2. Let c = 10 - -15. Suppose 5*r + c = -0*r. Calculate h(r).
5
Let i(j) be the second derivative of -1/20*j**5 + 1/2*j**2 + 4*j + 1/6*j**3 + 0 - 1/12*j**4. Calculate i(-2).
3
Let s(z) be the first derivative of -3*z**4 + z**2/2 + 12. Suppose -d + 9 = 4*v + v, 0 = -v - 4*d + 17. Determine s(v).
-11
Let j(r) = r - 5. Suppose 2*q + 5 = 1. Let o be (-7)/q + 1/(-2). Calculate j(o).
-2
Suppose 16 = 4*n - 4*o, -o = -1 - 0. Let c(b) be the first derivative of 1/3*b**3 + 4*b - 1 - 5/2*b**2. Determine c(n).
4
Suppose 13*n + 13 + 0 = 0. Let u(w) = -6*w**2 - 1. Determine u(n).
-7
Let c(y) = 4*y - 2. Suppose -6 = v - 3*v + 2*p, -4*v + 2*p = -2. What is c(v)?
-10
Let b(v) = -v + 6. Suppose 0 = 5*c - 0*c - 10. Let u be c/10 + (-8)/40. Give b(u).
6
Let m(r) = r + 8. Let a be (-14)/(-6) + 3/(-9). Let j = -8 + a. What is m(j)?
2
Let t(i) be the third derivative of i**3 + 0 + 0*i + 1/60*i**5 + 2*i**2 + 1/24*i**4. What is t(0)?
6
Let c = 63 - 66. Let j(h) be the first derivative of -h**4/4 - 4*h**3/3 - 3*h**2/2 - 4*h + 1. Determine j(c).
-4
Let h(n) = -n - 3. Suppose 0*x - x + 4*s + 8 = 0, 4*s - 16 = -5*x. Suppose -3*p - x*v + 7*v = 24, -3*v + 3 = 4*p. Determine h(p).
0
Suppose -t + 2 + 1 = 0. Let d be 1/((t + -1)/2). Let q(r) = 2*r + 1. Determine q(d).
3
Suppose 3*n = -0 + 18. Let u be (-42)/5 - 2/(-5). Let o = n + u. Let f(a) = -a**3 + 3*a + 1. Give f(o).
3
Let m(l) = 7 + 5*l**3 + 2 + l - 4*l**3 + 5*l**2 - 2. Give m(-5).
2
Let b = 8 + -5. Suppose 3*z = -3*z - 3*z. Suppose b*d - 9 = -z*d. Let v(q) = 3*q - 4. Give v(d).
5
Let q(x) = -4 + 5 - x + 0*x - 5. Let w be 12 + -12 + 0/2. What is q(w)?
-4
Let m(t) be the third derivative of t**6/120 - t**5/12 + t**4/12 + 2*t**3/3 - 3*t**2. Suppose -1 = -r + 2*r, 7 = b - 3*r. What is m(b)?
-4
Let b(a) = a**3 + 4*a**2 - 9*a - 2. Let t be -1*(-3 + 5/(10/18)). Determine b(t).
-20
Let d(s) = s**3 + 6*s**2 + 4*s - 1. Let a(w) = 3*w**3 + w**2. Let p be a(-1). Let f = p - 3. Calculate d(f).
4
Let q(x) be the third derivative of 0 + 0*x**3 + 0*x - 7/24*x**4 - 7*x**2. Determine q(-2).
14
Let u be (-27)/(-6) + 2/4. Let o(b) = b**2 - 3*b - 3. Determine o(u).
7
Let q = 6 + -5. Let v(s) = -s**2 + s. Let y(o) = 4*o**2 + 5*o + 1. Let i be (-23)/7 + (-2)/(-7). Let p(x) = i*v(x) + q*y(x). Calculate p(-1).
6
Let j be (2 + 7)/((-3)/(-2)). Let u(r) = -j*r**2 + 0 - 5*r + 8*r**2 - 2. What is u(4)?
10
Let u = -25 + 26. Suppose 4*j = 3*f - 1, 5*f = -3*j + 29 - 8. Let t(n) = 3 - 3*n**3 - f*n**3 - 2 - n**2. Determine t(u).
-6
Suppose 2 = -v + 4. Let z(y) = -v*y**2 - 1 + 0*y + y**2 - 4*y. Suppose 22 = -5*u - 3*p + p, 0 = -5*u + 5*p - 15. Determine z(u).
-1
Suppose j + 4 = 2*j. Suppose -j*q + 6 = -q. Let t(z) = -3*z + 4*z + q + 3. Calculate t(0).
5
Let c = 5 + -3. Suppose -2*n = 3*n + c*z - 10, 3*z - 5 = -5*n. Suppose -5*w + 5 = 3*x, 4*w + 2*x - n + 0 = 0. Let d(r) = -11*r + 1. What is d(w)?
-10
Let p(b) = -b**3 - 4*b**2 + b - 1. Let y be p(-4). Let w(u) = -u**2 - 9*u - 1. What is w(y)?
19
Let r(b) = 0*b**2 + 1 + b**3 - 5*b**2 + 2*b**3 + 3*b**2. What is r(-1)?
-4
Let d(z) be the third derivative of -z**6/120 + z**5/60 - 5*z**4/24 - z**3/6 + 5*z**2. Let k(s) = -s**2 + s. Let y(n) = d(n) + 3*k(n). What is y(-2)?
3
Let l(a) = -a**2 - 7*a + 6. Let k be l(-8). Let z(s) = 5*s - 1. Let o(d) = d**2 + 4*d - 1. Let p(f) = -3*o(f) + 2*z(f). Give p(k).
-7
Let x = -5 - 1. Let b(c) = c**2 + 5*c + 2. What is b(x)?
8
Let p(s) = s. Let o(f) = -f**2 + 5*f + 8. Let q be o(6). Let b(r) = 0*r**2 + 3*r**2 - q*r**2 - 3 + 5 + 3*r. Let w be b(-2). Calculate p(w).
0
Let v(b) be the second derivative of b**4/12 + b**3 - 5*b**2/2 + 9*b. Calculate v(-5).
-10
Let g(q) be the first derivative of -q**2/2 + 2*q + 1. Let n(p) = -3*p**2 + 4*p + 2*p**2 - 51 + 55. Let o be n(4). Calculate g(o).
-2
Suppose 5*r + 4*w = -53, -w - 1 = 2*r + 19. Let j be (9/6)/(r/24). Let n(i) = i**3 + 3*i**2 - 5*i - 2. Determine n(j).
2
Let y(b) = 2*b**2 - 1 - 5*b**2 + 5*b**2 + 2*b - 3*b**2. What is y(3)?
-4
Let g be (-9)/(-3) + 2/(-2). Suppose -g*k = -5*k + 15. Let t(b) = -3 + k - 2 - b. Determine t(-5).
5
Let x be ((-203)/28 + 6)*4/(-1). Let h(z) be the second derivative of 4*z + 0 - z**3 + 1/4*z**4 + 1/20*z**x - 3*z**2. What is h(-4)?
2
Let h(i) = i**3 - 3*i**2 - 2. Let d = 12 - 8. Let x be (d/12)/((-2)/(-6)). Suppose -j + x = -2. What is h(j)?
-2
Let f(r) be the first derivative of -3*r**4/4 - r**3 - r**2 + 2*r - 14. Give f(-2).
18
Let k be (-4 - -1)*10/(-6). Let a(b) = -9*b**2 + 3*b**2 + 8*b**2 - 1 - 7*b. What is a(k)?
14
Suppose o + 3*b + 1 = 2*o, 0 = -3*b + 3. Let t(w) = -w**2 + 6*w - 5. Let z be t(o). Let c(s) = s**2 + 3*s + 2*s + 5*s**2 + s**z. Calculate c(-5).
0
Let o(c) = -3*c + 1. Let f(i) be the first derivative of -i**2 + i + 5. Let d(b) = 4*f(b) - 3*o(b). Calculate d(3).
4
Let m(f) = f**3 - 12*f**2 - 3. Let x(c) = 2*c**3 - 25*c**2 - 7. Let y(g) = 9*m(g) - 4*x(g). What is y(8)?
1
Let f be ((-2)/(-6))/(3/18). Let k be ((-80)/15)/(f/(-3)). Let g(c) = -k*c - c**3 + 0*c**2 + 7*c - 4*c**2. Determine g(-2).
-6
Let w(m) = -5*m - 6. Let u = -9 - -15. Let f(a) = 4*a + 5. Let s(l) = 2*l**2 + 2*l + 1. Let y be s(-2). Let k(j) = u*f(j) + y*w(j). Calculate k(2).
-2
Let z(y) = -y**3 - 4*y**2 - 2*y - 2. Let m be z(-4). Let c(n) be the third derivative of n**6/120 - n**5/10 - n**4/12 +